{"id":1331,"date":"2024-02-03T10:50:44","date_gmt":"2024-02-03T10:50:44","guid":{"rendered":"http:\/\/localhost:10016\/?page_id=1331"},"modified":"2024-02-03T10:50:44","modified_gmt":"2024-02-03T10:50:44","slug":"portfolio-grid-two-column","status":"publish","type":"page","link":"https:\/\/ivoirebatiroute.pds-staging.fr\/index.php\/portfolio-grid-two-column\/","title":{"rendered":"Portfolio Grid Two Column"},"content":{"rendered":"\t\t<div data-elementor-type=\"wp-page\" data-elementor-id=\"1331\" class=\"elementor elementor-1331\">\n\t\t\t\t<div class=\"elementor-element elementor-element-b09584e e-flex e-con-boxed back-default-class e-con e-parent\" data-id=\"b09584e\" data-element_type=\"container\" data-e-type=\"container\">\n\t\t\t\t\t<div class=\"e-con-inner\">\n\t\t\t\t<div class=\"elementor-element elementor-element-bfcaa5b back-default-class elementor-widget elementor-widget-back-portfolio-grid\" data-id=\"bfcaa5b\" data-element_type=\"widget\" data-e-type=\"widget\" data-widget_type=\"back-portfolio-grid.default\">\n\t\t\t\t<div class=\"elementor-widget-container\">\n\t\t\t\t\t\t \n\n\t\t<div class=\"back-portfolio-grid back-case-studies back-portfolio-style4\">\n\t\t\t<div class=\"row\">\n\t\t\t\t\r\r\n\t<div class=\"col-lg-4 col-md-6\">\r\r\n\t    <div class=\"back-project-item\">\r\r\n\t    \t<a href=\"https:\/\/ivoirebatiroute.pds-staging.fr\/index.php\/portfolios\/attinguie-concession\/\" class=\"back-plus-link\"><i class=\"ri-add-line\"><\/i><\/a>        \r\r\n    \t    \r\n\t    \t\t\t<a href=\"https:\/\/ivoirebatiroute.pds-staging.fr\/index.php\/portfolios\/attinguie-concession\/\"> <img fetchpriority=\"high\" decoding=\"async\" width=\"500\" height=\"281\" src=\"https:\/\/ivoirebatiroute.pds-staging.fr\/wp-content\/uploads\/2026\/02\/attingue_ibr_redit-500x281.png\" class=\"attachment-builo_portfolio-grid size-builo_portfolio-grid wp-post-image\" alt=\"\" \/> <\/a>\r\r\n\t    \t\t\r\n\t        <div class=\"back-protfolio-content\">\r\r\n\t            <span class=\"back-portfolio-category\">  <a href=\"https:\/\/ivoirebatiroute.pds-staging.fr\/index.php\/portfolio-category\/foncier\/\" rel=\"tag\">Foncier<\/a> <\/span>\r\r\n\t            <h3 class=\"back-protfolio-title\"> <a href=\"https:\/\/ivoirebatiroute.pds-staging.fr\/index.php\/portfolios\/attinguie-concession\/\">Concession fonci\u00e8re \u00e0 Attingui\u00e9 (Anyama) \u2013 1 991,265 m\u00b2<\/a> <\/h3>\t            \r\r\n\t        <\/div>\r\r\n\t    <\/div> \r\r\n    <\/div>  \r\r\n\t\t\r\r\n\t<div class=\"col-lg-4 col-md-6\">\r\r\n\t    <div class=\"back-project-item\">\r\r\n\t    \t<a href=\"https:\/\/ivoirebatiroute.pds-staging.fr\/index.php\/portfolios\/rue-ayame\/\" class=\"back-plus-link\"><i class=\"ri-add-line\"><\/i><\/a>        \r\r\n    \t    \r\n\t    \t\t\t<a href=\"https:\/\/ivoirebatiroute.pds-staging.fr\/index.php\/portfolios\/rue-ayame\/\"> <img decoding=\"async\" width=\"500\" height=\"478\" src=\"https:\/\/ivoirebatiroute.pds-staging.fr\/wp-content\/uploads\/2026\/02\/ayame_machine-500x478.jpg\" class=\"attachment-builo_portfolio-grid size-builo_portfolio-grid wp-post-image\" alt=\"\" \/> <\/a>\r\r\n\t    \t\t\r\n\t        <div class=\"back-protfolio-content\">\r\r\n\t            <span class=\"back-portfolio-category\">  <a href=\"https:\/\/ivoirebatiroute.pds-staging.fr\/index.php\/portfolio-category\/infrastructure-routiere-voirie-urbaine\/\" rel=\"tag\">Infrastructures routi\u00e8res \u2013 Voirie urbaine<\/a> <\/span>\r\r\n\t            <h3 class=\"back-protfolio-title\"> <a href=\"https:\/\/ivoirebatiroute.pds-staging.fr\/index.php\/portfolios\/rue-ayame\/\">Rechargement des rues \u00e0 Ayam\u00e9 (5 km)<\/a> <\/h3>\t            \r\r\n\t        <\/div>\r\r\n\t    <\/div> \r\r\n    <\/div>  \r\r\n\t\t\r\r\n\t<div class=\"col-lg-4 col-md-6\">\r\r\n\t    <div class=\"back-project-item\">\r\r\n\t    \t<a href=\"https:\/\/ivoirebatiroute.pds-staging.fr\/index.php\/portfolios\/reprofilage-tonkpi\/\" class=\"back-plus-link\"><i class=\"ri-add-line\"><\/i><\/a>        \r\r\n    \t    \r\n\t    \t\t\t<a href=\"https:\/\/ivoirebatiroute.pds-staging.fr\/index.php\/portfolios\/reprofilage-tonkpi\/\">  <\/a>\r\r\n\t    \t\t\r\n\t        <div class=\"back-protfolio-content\">\r\r\n\t            <span class=\"back-portfolio-category\">  <a href=\"https:\/\/ivoirebatiroute.pds-staging.fr\/index.php\/portfolio-category\/infrastructure-routiere-voirie-urbaine\/\" rel=\"tag\">Infrastructures routi\u00e8res \u2013 Voirie urbaine<\/a> <\/span>\r\r\n\t            <h3 class=\"back-protfolio-title\"> <a href=\"https:\/\/ivoirebatiroute.pds-staging.fr\/index.php\/portfolios\/reprofilage-tonkpi\/\">Reprofilage lourd &#038; traitement de points critiques (Tonkpi \u2013 25 km)<\/a> <\/h3>\t            \r\r\n\t        <\/div>\r\r\n\t    <\/div> \r\r\n    <\/div>  \r\r\n\t\t\r\r\n\t<div class=\"col-lg-4 col-md-6\">\r\r\n\t    <div class=\"back-project-item\">\r\r\n\t    \t<a href=\"https:\/\/ivoirebatiroute.pds-staging.fr\/index.php\/portfolios\/lotissement-bonoua\/\" class=\"back-plus-link\"><i class=\"ri-add-line\"><\/i><\/a>        \r\r\n    \t    \r\n\t    \t\t\t<a href=\"https:\/\/ivoirebatiroute.pds-staging.fr\/index.php\/portfolios\/lotissement-bonoua\/\"> <img decoding=\"async\" width=\"500\" height=\"500\" src=\"https:\/\/ivoirebatiroute.pds-staging.fr\/wp-content\/uploads\/2024\/02\/bonoua_ibr-500x500.jpg\" class=\"attachment-builo_portfolio-grid size-builo_portfolio-grid wp-post-image\" alt=\"\" srcset=\"https:\/\/ivoirebatiroute.pds-staging.fr\/wp-content\/uploads\/2024\/02\/bonoua_ibr-500x500.jpg 500w, https:\/\/ivoirebatiroute.pds-staging.fr\/wp-content\/uploads\/2024\/02\/bonoua_ibr-150x150.jpg 150w, https:\/\/ivoirebatiroute.pds-staging.fr\/wp-content\/uploads\/2024\/02\/bonoua_ibr-300x300.jpg 300w, https:\/\/ivoirebatiroute.pds-staging.fr\/wp-content\/uploads\/2024\/02\/bonoua_ibr-100x100.jpg 100w\" sizes=\"(max-width: 500px) 100vw, 500px\" \/> <\/a>\r\r\n\t    \t\t\r\n\t        <div class=\"back-protfolio-content\">\r\r\n\t            <span class=\"back-portfolio-category\">  <a href=\"https:\/\/ivoirebatiroute.pds-staging.fr\/index.php\/portfolio-category\/amenagement-foncier\/\" rel=\"tag\">Am\u00e9nagement foncier<\/a> <\/span>\r\r\n\t            <h3 class=\"back-protfolio-title\"> <a href=\"https:\/\/ivoirebatiroute.pds-staging.fr\/index.php\/portfolios\/lotissement-bonoua\/\">Lotissement approuv\u00e9 \u00e0 Bonoua (48 ha)<\/a> <\/h3>\t            \r\r\n\t        <\/div>\r\r\n\t    <\/div> \r\r\n    <\/div>  \r\r\n\t\t\r\r\n\t<div class=\"col-lg-4 col-md-6\">\r\r\n\t    <div class=\"back-project-item\">\r\r\n\t    \t<a href=\"https:\/\/ivoirebatiroute.pds-staging.fr\/index.php\/portfolios\/route-bassam\/\" class=\"back-plus-link\"><i class=\"ri-add-line\"><\/i><\/a>        \r\r\n    \t    \r\n\t    \t\t\t<a href=\"https:\/\/ivoirebatiroute.pds-staging.fr\/index.php\/portfolios\/route-bassam\/\"> <img loading=\"lazy\" decoding=\"async\" width=\"500\" height=\"500\" src=\"https:\/\/ivoirebatiroute.pds-staging.fr\/wp-content\/uploads\/2024\/02\/bassam_cite_paix-500x500.jpg\" class=\"attachment-builo_portfolio-grid size-builo_portfolio-grid wp-post-image\" alt=\"\" srcset=\"https:\/\/ivoirebatiroute.pds-staging.fr\/wp-content\/uploads\/2024\/02\/bassam_cite_paix-500x500.jpg 500w, https:\/\/ivoirebatiroute.pds-staging.fr\/wp-content\/uploads\/2024\/02\/bassam_cite_paix-150x150.jpg 150w, https:\/\/ivoirebatiroute.pds-staging.fr\/wp-content\/uploads\/2024\/02\/bassam_cite_paix-300x300.jpg 300w, https:\/\/ivoirebatiroute.pds-staging.fr\/wp-content\/uploads\/2024\/02\/bassam_cite_paix-100x100.jpg 100w\" sizes=\"(max-width: 500px) 100vw, 500px\" \/> <\/a>\r\r\n\t    \t\t\r\n\t        <div class=\"back-protfolio-content\">\r\r\n\t            <span class=\"back-portfolio-category\">  <a href=\"https:\/\/ivoirebatiroute.pds-staging.fr\/index.php\/portfolio-category\/batiment\/\" rel=\"tag\">B\u00e2timent<\/a> <\/span>\r\r\n\t            <h3 class=\"back-protfolio-title\"> <a href=\"https:\/\/ivoirebatiroute.pds-staging.fr\/index.php\/portfolios\/route-bassam\/\">Construction de 60 b\u00e2timents \u2013 Route de Bassam<\/a> <\/h3>\t            \r\r\n\t        <\/div>\r\r\n\t    <\/div> \r\r\n    <\/div>  \r\r\n\t\t\r\r\n\t<div class=\"col-lg-4 col-md-6\">\r\r\n\t    <div class=\"back-project-item\">\r\r\n\t    \t<a href=\"https:\/\/ivoirebatiroute.pds-staging.fr\/index.php\/portfolios\/cite-paix-bassam\/\" class=\"back-plus-link\"><i class=\"ri-add-line\"><\/i><\/a>        \r\r\n    \t    \r\n\t    \t\t\t<a href=\"https:\/\/ivoirebatiroute.pds-staging.fr\/index.php\/portfolios\/cite-paix-bassam\/\"> <img loading=\"lazy\" decoding=\"async\" width=\"500\" height=\"500\" src=\"https:\/\/ivoirebatiroute.pds-staging.fr\/wp-content\/uploads\/2024\/01\/cite_paix_bassam-500x500.jpeg\" class=\"attachment-builo_portfolio-grid size-builo_portfolio-grid wp-post-image\" alt=\"\" srcset=\"https:\/\/ivoirebatiroute.pds-staging.fr\/wp-content\/uploads\/2024\/01\/cite_paix_bassam-500x500.jpeg 500w, https:\/\/ivoirebatiroute.pds-staging.fr\/wp-content\/uploads\/2024\/01\/cite_paix_bassam-150x150.jpeg 150w, https:\/\/ivoirebatiroute.pds-staging.fr\/wp-content\/uploads\/2024\/01\/cite_paix_bassam-300x300.jpeg 300w, https:\/\/ivoirebatiroute.pds-staging.fr\/wp-content\/uploads\/2024\/01\/cite_paix_bassam-100x100.jpeg 100w\" sizes=\"(max-width: 500px) 100vw, 500px\" \/> <\/a>\r\r\n\t    \t\t\r\n\t        <div class=\"back-protfolio-content\">\r\r\n\t            <span class=\"back-portfolio-category\">  <a href=\"https:\/\/ivoirebatiroute.pds-staging.fr\/index.php\/portfolio-category\/amenagement-foncier\/\" rel=\"tag\">Am\u00e9nagement foncier<\/a><span class=\"separator\">,<\/span> <a href=\"https:\/\/ivoirebatiroute.pds-staging.fr\/index.php\/portfolio-category\/lotissement\/\" rel=\"tag\">Lotissement<\/a> <\/span>\r\r\n\t            <h3 class=\"back-protfolio-title\"> <a href=\"https:\/\/ivoirebatiroute.pds-staging.fr\/index.php\/portfolios\/cite-paix-bassam\/\">Lotissement \u201cLa Cit\u00e9 de la Paix\u201d \u2013 Route de Bassam<\/a> <\/h3>\t            \r\r\n\t        <\/div>\r\r\n\t    <\/div> \r\r\n    <\/div>  \r\r\n\t  \r\r\n\t\t<\/div>\n\t\t\t<\/div>\n\n\t\t\t\t\t<\/div>\n\t\t\t\t<\/div>\n\t\t\t\t\t<\/div>\n\t\t\t\t<\/div>\n\t\t<div class=\"elementor-element elementor-element-4b99601 e-con-full e-flex back-default-class e-con e-parent\" data-id=\"4b99601\" data-element_type=\"container\" data-e-type=\"container\" data-settings=\"{&quot;background_background&quot;:&quot;classic&quot;}\">\n\t\t\t\t<div class=\"elementor-element elementor-element-68748af home-img back-default-class elementor-widget elementor-widget-heading\" data-id=\"68748af\" data-element_type=\"widget\" data-e-type=\"widget\" data-widget_type=\"heading.default\">\n\t\t\t\t\t<h2 class=\"elementor-heading-title elementor-size-default\">Turn your idea into <br> your <img decoding=\"async\" src=\"https:\/\/backtheme.tech\/products\/wordpress\/builo-construction\/wp-content\/uploads\/2024\/01\/home.png\"><\/h2>\t\t\t\t<\/div>\n\t\t\t\t<div class=\"elementor-element elementor-element-f2b807a back-default-class elementor-widget elementor-widget-back-button\" data-id=\"f2b807a\" data-element_type=\"widget\" data-e-type=\"widget\" data-widget_type=\"back-button.default\">\n\t\t\t\t<div class=\"elementor-widget-container\">\n\t\t\t\t\t\t\r\r\n\t\t\r\n\t\t\t<div class=\"back-elementor-btn-wrap\">\r\r\n\t\t\r\n\t\t\t<a class=\"back-elementor-btn \" href=\"https:\/\/backtheme.tech\/products\/wordpress\/builo-construction\/contact-us\/\" > Let\u2019s talk <i class=\"ri-arrow-right-up-line\"><\/i> <\/a>\r\r\n\t\t<\/div>   \r\r\n\t\t\t\t\t<\/div>\n\t\t\t\t<\/div>\n\t\t\t\t<\/div>\n\t\t\t\t<\/div>\n\t\t","protected":false},"excerpt":{"rendered":"<p>Duplex Miro Construction Roof Wastis Construction Roof Joxi Construction Building Mexic Construction Building Mesikal Construction Duplex Alox Construction 1 2 Next &raquo; Turn your idea into your Let\u2019s talk<\/p>\n","protected":false},"author":1,"featured_media":0,"parent":0,"menu_order":0,"comment_status":"closed","ping_status":"closed","template":"elementor_header_footer","meta":{"footnotes":""},"class_list":["post-1331","page","type-page","status-publish","hentry"],"_links":{"self":[{"href":"https:\/\/ivoirebatiroute.pds-staging.fr\/index.php\/wp-json\/wp\/v2\/pages\/1331","targetHints":{"allow":["GET"]}}],"collection":[{"href":"https:\/\/ivoirebatiroute.pds-staging.fr\/index.php\/wp-json\/wp\/v2\/pages"}],"about":[{"href":"https:\/\/ivoirebatiroute.pds-staging.fr\/index.php\/wp-json\/wp\/v2\/types\/page"}],"author":[{"embeddable":true,"href":"https:\/\/ivoirebatiroute.pds-staging.fr\/index.php\/wp-json\/wp\/v2\/users\/1"}],"replies":[{"embeddable":true,"href":"https:\/\/ivoirebatiroute.pds-staging.fr\/index.php\/wp-json\/wp\/v2\/comments?post=1331"}],"version-history":[{"count":0,"href":"https:\/\/ivoirebatiroute.pds-staging.fr\/index.php\/wp-json\/wp\/v2\/pages\/1331\/revisions"}],"wp:attachment":[{"href":"https:\/\/ivoirebatiroute.pds-staging.fr\/index.php\/wp-json\/wp\/v2\/media?parent=1331"}],"curies":[{"name":"wp","href":"https:\/\/api.w.org\/{rel}","templated":true}]}}